 132 is divided by 36.
24
Calculate the remainder when 1741 is divided by 63.
40
Calculate the remainder when 50123 is divided by 15.
8
Calculate the remainder when 467 is divided by 250.
217
What is the remainder when 1084 is divided by 704?
380
Calculate the remainder when 107846 is divided by 1365.
11
What is the remainder when 1002333 is divided by 48?
45
Calculate the remainder when 15474 is divided by 470.
434
What is the remainder when 225038 is divided by 554?
114
Calculate the remainder when 141532 is divided by 352.
28
What is the remainder when 1365 is divided by 142?
87
Calculate the remainder when 2338 is divided by 112.
98
What is the remainder when 24934 is divided by 14?
0
Calculate the remainder when 1768 is divided by 575.
43
What is the remainder when 7201 is divided by 203?
96
Calculate the remainder when 52881 is divided by 26425.
31
Calculate the remainder when 19773 is divided by 1530.
1413
What is the remainder when 131878 is divided by 27?
10
What is the remainder when 191038 is divided by 73?
70
Calculate the remainder when 9992 is divided by 1248.
8
Calculate the remainder when 889 is divided by 47.
43
What is the remainder when 55901 is divided by 308?
153
What is the remainder when 1214 is divided by 230?
64
Calculate the remainder when 4561 is divided by 361.
229
Calculate the remainder when 57613 is divided by 57598.
15
What is the remainder when 269999 is divided by 450?
449
What is the remainder when 1882 is divided by 485?
427
Calculate the remainder when 8531 is divided by 567.
26
What is the remainder when 1903279 is divided by 1286?
1285
Calculate the remainder when 24609 is divided by 2734.
3
Calculate the remainder when 1134 is divided by 7.
0
What is the remainder when 18751 is divided by 1551?
139
Calculate the remainder when 18322 is divided by 65.
57
What is the remainder when 4267 is divided by 306?
289
Calculate the remainder when 15853 is divided by 178.
11
Calculate the remainder when 480906 is divided by 177.
174
What is the remainder when 1632646 is divided by 14?
8
What is the remainder when 257226 is divided by 15?
6
What is the remainder when 5672 is divided by 5654?
18
Calculate the remainder when 116175 is divided by 137.
136
What is the remainder when 194139 is divided by 393?
390
Calculate the remainder when 52329 is divided by 267.
264
Calculate the remainder when 506400 is divided by 13.
11
What is the remainder when 60874 is divided by 96?
10
What is the remainder when 1530 is divided by 450?
180
What is the remainder when 10081 is divided by 306?
289
Calculate the remainder when 37802 is divided by 504.
2
What is the remainder when 27846 is divided by 6955?
26
Calculate the remainder when 5557 is divided by 147.
118
What is the remainder when 389992 is divided by 11?
9
Calculate the remainder when 4992 is divided by 58.
4
Calculate the remainder when 42 is divided by 13.
3
What is the remainder when 4429 is divided by 135?
109
What is the remainder when 195028 is divided by 3?
1
What is the remainder when 223232 is divided by 476?
464
What is the remainder when 1676 is divided by 21?
17
What is the remainder when 2176 is divided by 20?
16
What is the remainder when 4008 is divided by 405?
363
Calculate the remainder when 92937 is divided by 77.
75
What is the remainder when 4640 is divided by 1151?
36
Calculate the remainder when 35426 is divided by 2214.
2
Calculate the remainder when 31988 is divided by 1682.
30
What is the remainder when 4246 is divided by 30?
16
Calculate the remainder when 86287 is divided by 92.
83
Calculate the remainder when 315 is divided by 264.
51
What is the remainder when 20575 is divided by 84?
79
What is the remainder when 102662 is divided by 60?
2
What is the remainder when 483814 is divided by 120951?
10
What is the remainder when 3475 is divided by 761?
431
What is the remainder when 1752972 is divided by 14?
4
What is the remainder when 20265 is divided by 322?
301
Calculate the remainder when 92458 is divided by 118.
64
What is the remainder when 779952 is divided by 87?
84
What is the remainder when 20626 is divided by 606?
22
Calculate the remainder when 52233 is divided by 12.
9
What is the remainder when 158669 is divided by 10?
9
What is the remainder when 29559 is divided by 78?
75
What is the remainder when 35963 is divided by 1383?
5
Calculate the remainder when 310279 is divided by 77558.
47
Calculate the remainder when 134201 is divided by 48.
41
What is the remainder when 548 is divided by 88?
20
What is the remainder when 41282 is divided by 277?
9
Calculate the remainder when 144483 is divided by 3360.
3
What is the remainder when 604 is divided by 10?
4
What is the remainder when 645 is divided by 309?
27
What is the remainder when 27528 is divided by 115?
43
Calculate the remainder when 6690 is divided by 671.
651
What is the remainder when 56584 is divided by 4714?
16
What is the remainder when 176370 is divided by 537?
234
What is the remainder when 24883 is divided by 12441?
1
What is the remainder when 9156 is divided by 16?
4
Calculate the remainder when 516 is divided by 263.
253
What is the remainder when 399329 is divided by 99832?
1
Calculate the remainder when 38443 is divided by 25.
18
What is the remainder when 34171 is divided by 255?
1
Calculate the remainder when 778390 is divided by 77.
74
What is the remainder when 471 is divided by 11?
9
Calculate the remainder when 90988 is divided by 260.
248
What is the remainder when 8121 is divided by 4020?
81
Calculate the remainder when 203865 is divided by 95.
90
Calculate the remainder when 9128 is divided by 849.
638
Calculate the remainder when 57773 is divided by 304.
13
Calculate the remainder when 11504 is divided by 21.
17
What is the remainder when 30512 is divided by 280?
272
Calculate the remainder when 61427 is divided by 15356.
3
Calculate the remainder when 122304 is divided by 453.
447
What is the remainder when 6851 is divided by 3419?
13
Calculate the remainder when 3188 is divided by 740.
228
What is the remainder when 5831 is divided by 341?
34
Calculate the remainder when 317297 is divided by 105.
92
What is the remainder when 5009 is divided by 293?
28
What is the remainder when 9560 is divided by 992?
632
What is the remainder when 8243 is divided by 604?
391
What is the remainder when 771 is divided by 251?
18
What is the remainder when 172461 is divided by 57483?
12
What is the remainder when 4063 is divided by 812?
3
What is the remainder when 517326 is divided by 1223?
1220
Calculate the remainder when 50177 is divided by 368.
129
What is the remainder when 8070 is divided by 29?
8
Calculate the remainder when 21376 is divided by 53.
17
What is the remainder when 440794 is divided by 218?
216
What is the remainder when 8067 is divided by 116?
63
What is the remainder when 31410 is divided by 10428?
126
Calculate the remainder when 7149 is divided by 35.
9
Calculate the remainder when 10087 is divided by 3358.
13
What is the remainder when 740641 is divided by 18?
13
Calculate the remainder when 53493 is divided by 1009.
16
What is the remainder when 1437 is divided by 1297?
140
What is the remainder when 4639 is divided by 2200?
239
What is the remainder when 3377 is divided by 3326?
51
What is the remainder when 253153 is divided by 38?
35
Calculate the remainder when 4427 is divided by 881.
22
Calculate the remainder when 4319 is divided by 778.
429
Calculate the remainder when 70680 is divided by 23557.
9
Calculate the remainder when 200113 is divided by 28.
25
What is the remainder when 3805 is divided by 105?
25
Calculate the remainder when 86456 is divided by 959.
146
What is the remainder when 4452 is divided by 3913?
539
What is the remainder when 173757 is divided by 283?
278
Calculate the remainder when 3858 is divided by 274.
22
What is the remainder when 117837 is divided by 48?
45
Calculate the remainder when 26914 is divided by 4460.
154
What is the remainder when 50073 is divided by 10013?
8
What is the remainder when 88 is divided by 36?
16
Calculate the remainder when 8178 is divided by 4083.
12
What is the remainder when 690 is divided by 140?
130
Calculate the remainder when 29182 is divided by 204.
10
What is the remainder w